{"id":11,"date":"2022-07-21T14:03:20","date_gmt":"2022-07-21T14:03:20","guid":{"rendered":"https:\/\/marina.redatecresa.com\/?page_id=11"},"modified":"2022-07-21T14:05:44","modified_gmt":"2022-07-21T14:05:44","slug":"transparencia","status":"publish","type":"page","link":"https:\/\/miramar.redatecresa.com\/","title":{"rendered":"TRANSPARENCIA"},"content":{"rendered":"\t\t\t\t\t\t\t<h3 style=\"margin-bottom:20px;display:block;width:100%;margin-top:10px\"> <\/h3>\r\n\t\t\t\t\t\t<style>\r\n\t\t\t\t<style>\r\n#wpsm_accordion_13 .wpsm_panel-heading{\r\n\tpadding:0px !important;\r\n}\r\n#wpsm_accordion_13 .wpsm_panel-title {\r\n\tmargin:0px !important; \r\n\ttext-transform:none !important;\r\n\tline-height: 1 !important;\r\n}\r\n#wpsm_accordion_13 .wpsm_panel-title a{\r\n\ttext-decoration:none;\r\n\toverflow:hidden;\r\n\tdisplay:block;\r\n\tpadding:0px;\r\n\tfont-size: 18px !important;\r\n\tfont-family: Open Sans !important;\r\n\tcolor:#000000 !important;\r\n\tborder-bottom:0px !important;\r\n}\r\n\r\n#wpsm_accordion_13 .wpsm_panel-title a:focus {\r\noutline: 0px !important;\r\n}\r\n\r\n#wpsm_accordion_13 .wpsm_panel-title a:hover, #wpsm_accordion_13 .wpsm_panel-title a:focus {\r\n\tcolor:#000000 !important;\r\n}\r\n#wpsm_accordion_13 .acc-a{\r\n\tcolor: #000000 !important;\r\n\tbackground-color:#e8e8e8 !important;\r\n\tborder-color: #ddd;\r\n}\r\n#wpsm_accordion_13 .wpsm_panel-default > .wpsm_panel-heading{\r\n\tcolor: #000000 !important;\r\n\tbackground-color: #e8e8e8 !important;\r\n\tborder-color: #e8e8e8 !important;\r\n\tborder-top-left-radius: 0px;\r\n\tborder-top-right-radius: 0px;\r\n}\r\n#wpsm_accordion_13 .wpsm_panel-default {\r\n\t\tborder:1px solid transparent !important;\r\n\t}\r\n#wpsm_accordion_13 {\r\n\tmargin-bottom: 20px;\r\n\toverflow: hidden;\r\n\tfloat: none;\r\n\twidth: 100%;\r\n\tdisplay: block;\r\n}\r\n#wpsm_accordion_13 .ac_title_class{\r\n\tdisplay: block;\r\n\tpadding-top: 12px;\r\n\tpadding-bottom: 12px;\r\n\tpadding-left: 15px;\r\n\tpadding-right: 15px;\r\n}\r\n#wpsm_accordion_13  .wpsm_panel {\r\n\toverflow:hidden;\r\n\t-webkit-box-shadow: 0 0px 0px rgba(0, 0, 0, .05);\r\n\tbox-shadow: 0 0px 0px rgba(0, 0, 0, .05);\r\n\t\tborder-radius: 4px;\r\n\t}\r\n#wpsm_accordion_13  .wpsm_panel + .wpsm_panel {\r\n\t\tmargin-top: 5px;\r\n\t}\r\n#wpsm_accordion_13  .wpsm_panel-body{\r\n\tbackground-color:#ffffff !important;\r\n\tcolor:#000000 !important;\r\n\tborder-top-color: #e8e8e8 !important;\r\n\tfont-size:16px !important;\r\n\tfont-family: Open Sans !important;\r\n\toverflow: hidden;\r\n\t\tborder: 2px solid #e8e8e8 !important;\r\n\t}\r\n\r\n#wpsm_accordion_13 .ac_open_cl_icon{\r\n\tbackground-color:#e8e8e8 !important;\r\n\tcolor: #000000 !important;\r\n\tfloat:right !important;\r\n\tpadding-top: 12px !important;\r\n\tpadding-bottom: 12px !important;\r\n\tline-height: 1.0 !important;\r\n\tpadding-left: 15px !important;\r\n\tpadding-right: 15px !important;\r\n\tdisplay: inline-block !important;\r\n}\r\n\r\n\t\t\t\r\n\t\t\t<\/style>\t\r\n\t\t\t<\/style>\r\n\t\t\t<div class=\"wpsm_panel-group\" id=\"wpsm_accordion_13\" >\r\n\t\t\t\t\t\t\t\t\r\n\t\t\t\t\t<!-- Inner panel Start -->\r\n\t\t\t\t\t<div class=\"wpsm_panel wpsm_panel-default\">\r\n\t\t\t\t\t\t<div class=\"wpsm_panel-heading\" role=\"tab\" >\r\n\t\t\t\t\t\t  <h4 class=\"wpsm_panel-title\">\r\n\t\t\t\t\t\t\t<a  class=\"\"  data-toggle=\"collapse\" data-parent=\"#wpsm_accordion_13 \" href=\"javascript:void(0)\" data-target=\"#ac_13_collapse1\" onclick=\"do_resize()\">\r\n\t\t\t\t\t\t\t\t\t\t\t\t\t\t\t\t\t<span class=\"ac_open_cl_icon fa fa-minus\"><\/span>\r\n\t\t\t\t\t\t\t\t\t\r\n\t\t\t\t\t\t\t\t \r\n\t\t\t\t\t\t\t\t<span class=\"ac_title_class\">\r\n\t\t\t\t\t\t\t\t\tINFORMACI\u00d3N DE TRANSPARENCIA\t\t\t\t\t\t\t\t<\/span>\r\n\t\t\t\t\t\t\t<\/a>\r\n\t\t\t\t\t\t  <\/h4>\r\n\t\t\t\t\t\t<\/div>\r\n\t\t\t\t\t\t<div id=\"ac_13_collapse1\" class=\"wpsm_panel-collapse collapse in\"  >\r\n\t\t\t\t\t\t  <div class=\"wpsm_panel-body\">\r\n\t\t\t\t\t\t\tLa transparencia es uno de los valores de la entidad, por ello ofrecemos informaci\u00f3n veraz de nuestra operativa y de los resultados econ\u00f3micos obtenidos cumpliendo con la Ley 12\/2014, de 26 de diciembre, de transparencia y de acceso a la informaci\u00f3n p\u00fablica y buen gobierno.<\/br>\r\n\r\nDesde Peregrin Trujillo S.L. ponemos a disposici\u00f3n del ciudadano este Portal de Transparencia comprometi\u00e9ndonos a dar informaci\u00f3n accesible y cercana.<\/br>\r\n\r\nLey de Transparencia de Canarias: Ley 12\/2014, de 26 de diciembre, de transparencia y de acceso a la informaci\u00f3n p\u00fablica.<\/br>\r\nLey de Transparencia: Ley 19\/2013, de 9 de diciembre, de transparencia, acceso a la informaci\u00f3n p\u00fablica y buen gobierno.<\/br>\r\n\r\n\t\t\t\t\t\t  <\/div>\r\n\t\t\t\t\t\t<\/div>\r\n\t\t\t\t\t<\/div>\r\n\t\t\t\t\t<!-- Inner panel End -->\r\n\t\t\t\t\t\r\n\t\t\t\t\t\t\t\t\r\n\t\t\t\t\t<!-- Inner panel Start -->\r\n\t\t\t\t\t<div class=\"wpsm_panel wpsm_panel-default\">\r\n\t\t\t\t\t\t<div class=\"wpsm_panel-heading\" role=\"tab\" >\r\n\t\t\t\t\t\t  <h4 class=\"wpsm_panel-title\">\r\n\t\t\t\t\t\t\t<a  class=\"collapsed\"  data-toggle=\"collapse\" data-parent=\"#wpsm_accordion_13 \" href=\"javascript:void(0)\" data-target=\"#ac_13_collapse2\" onclick=\"do_resize()\">\r\n\t\t\t\t\t\t\t\t\t\t\t\t\t\t\t\t\t<span class=\"ac_open_cl_icon fa fa-minus\"><\/span>\r\n\t\t\t\t\t\t\t\t\t\r\n\t\t\t\t\t\t\t\t \r\n\t\t\t\t\t\t\t\t<span class=\"ac_title_class\">\r\n\t\t\t\t\t\t\t\t\tINSTITUCIONAL\t\t\t\t\t\t\t\t<\/span>\r\n\t\t\t\t\t\t\t<\/a>\r\n\t\t\t\t\t\t  <\/h4>\r\n\t\t\t\t\t\t<\/div>\r\n\t\t\t\t\t\t<div id=\"ac_13_collapse2\" class=\"wpsm_panel-collapse collapse in\"  >\r\n\t\t\t\t\t\t  <div class=\"wpsm_panel-body\">\r\n\t\t\t\t\t\t\tInformaci\u00f3n general:<\/br><\/br>\r\n\r\nLa empresa Peregrin Trujillo S.L. se dedica sector de la hosteler\u00eda en el \u00e1mbito de la Comunidad Aut\u00f3noma de Canarias.<\/br>\r\n\r\nPeregrin Trujillo S.L. se constituy\u00f3 en Santa Cruz de Tenerife en 1995.<\/br>\r\n\r\nDomicilio social, Avenida Los Playeros, n\u00ba 54, Los Cristianos, 38650, Arona. Siendo su N\u00famero de Identificaci\u00f3n Fiscal B38404216.<\/br><\/br>\r\n\r\nNormativa aplicable a la entidad:<\/br><\/br>\r\n\r\nLey de Sociedades de Capital aprobada por el Real Decreto Legislativo 1\/2010, de 2 de julio.<\/br>\r\n\r\nLey 19\/1994, de 6 de julio, de modificaci\u00f3n del r\u00e9gimen econ\u00f3mico y fiscal de Canarias.<\/br><\/br>\r\n\r\nInformaci\u00f3n relativa a las funciones y competencias, al objeto social o al fin fundacional de la entidad:<\/br><\/br>\r\n\r\n- <a href=\"https:\/\/miramar.redatecresa.com\/wp-content\/uploads\/2022\/08\/CONVENIO-HOSTELERIA_compressed_compressed.pdf\" rel=\"noopener\" target=\"_blank\">Convenio (PDF)<\/a>.<\/br>\r\n- <a href=\"https:\/\/miramar.redatecresa.com\/wp-content\/uploads\/2022\/08\/ESCRITURA-CONSTITUCION-PEREGRIN-TRUJILLO_compressed.pdf\" rel=\"noopener\" target=\"_blank\">Escritura constituci\u00f3n (PDF)<\/a>.<\/br>\t\t\t\t\t\t  <\/div>\r\n\t\t\t\t\t\t<\/div>\r\n\t\t\t\t\t<\/div>\r\n\t\t\t\t\t<!-- Inner panel End -->\r\n\t\t\t\t\t\r\n\t\t\t\t\t\t\t\t\r\n\t\t\t\t\t<!-- Inner panel Start -->\r\n\t\t\t\t\t<div class=\"wpsm_panel wpsm_panel-default\">\r\n\t\t\t\t\t\t<div class=\"wpsm_panel-heading\" role=\"tab\" >\r\n\t\t\t\t\t\t  <h4 class=\"wpsm_panel-title\">\r\n\t\t\t\t\t\t\t<a  class=\"collapsed\"  data-toggle=\"collapse\" data-parent=\"#wpsm_accordion_13 \" href=\"javascript:void(0)\" data-target=\"#ac_13_collapse3\" onclick=\"do_resize()\">\r\n\t\t\t\t\t\t\t\t\t\t\t\t\t\t\t\t\t<span class=\"ac_open_cl_icon fa fa-minus\"><\/span>\r\n\t\t\t\t\t\t\t\t\t\r\n\t\t\t\t\t\t\t\t \r\n\t\t\t\t\t\t\t\t<span class=\"ac_title_class\">\r\n\t\t\t\t\t\t\t\t\tORGANIZATIVA\t\t\t\t\t\t\t\t<\/span>\r\n\t\t\t\t\t\t\t<\/a>\r\n\t\t\t\t\t\t  <\/h4>\r\n\t\t\t\t\t\t<\/div>\r\n\t\t\t\t\t\t<div id=\"ac_13_collapse3\" class=\"wpsm_panel-collapse collapse in\"  >\r\n\t\t\t\t\t\t  <div class=\"wpsm_panel-body\">\r\n\t\t\t\t\t\t\t<p>La empresa Peregrin Trujillo S.L. mantiene una pol\u00edtica de Recursos Humanos que fomenta, entre otros, los siguientes valores:<\/p>\r\n\r\n- Transparencia y participaci\u00f3n<\/br>\r\n- Satisfacci\u00f3n y clima laboral<\/br>\r\n- Conciliaci\u00f3n de la vida personal, familiar y laboral<\/br>\r\n- Igualdad retributiva<\/br>\r\n- Formaci\u00f3n Laboral<\/br>\r\n- Igualdad de oportunidades entre mujeres y hombres y diversidad<\/br>\r\n- Estabilidad y calidad en el empleo<\/br>\r\n<\/br>\r\n<p>Protocolo de Transparencia:<\/p>\r\n\u2022 Identificaci\u00f3n de las fuentes de financiaci\u00f3n e importes anuales que recibe la entidad<\/br>\r\n\u2022 Publicaci\u00f3n de Memoria de Actividades y Rendici\u00f3n de cuentas de la entidad<\/br>\r\n\u2022 Publicaci\u00f3n en la web de organigrama, funcionamiento y servicios que prestamos<\/br>\r\n\u2022 Y todo aquello que debemos recoger seg\u00fan la Ley 12\/2014 de Transparencia del Gobierno de Canarias<\/br><\/br>\r\n\r\nOrganigrama de la entidad:<\/br><\/br>\r\nAdministradora \u00fanica: Mar\u00eda Dolores Trujillo Cabrera\t\t\t\t\t\t  <\/div>\r\n\t\t\t\t\t\t<\/div>\r\n\t\t\t\t\t<\/div>\r\n\t\t\t\t\t<!-- Inner panel End -->\r\n\t\t\t\t\t\r\n\t\t\t\t\t\t\t\t\r\n\t\t\t\t\t<!-- Inner panel Start -->\r\n\t\t\t\t\t<div class=\"wpsm_panel wpsm_panel-default\">\r\n\t\t\t\t\t\t<div class=\"wpsm_panel-heading\" role=\"tab\" >\r\n\t\t\t\t\t\t  <h4 class=\"wpsm_panel-title\">\r\n\t\t\t\t\t\t\t<a  class=\"collapsed\"  data-toggle=\"collapse\" data-parent=\"#wpsm_accordion_13 \" href=\"javascript:void(0)\" data-target=\"#ac_13_collapse4\" onclick=\"do_resize()\">\r\n\t\t\t\t\t\t\t\t\t\t\t\t\t\t\t\t\t<span class=\"ac_open_cl_icon fa fa-minus\"><\/span>\r\n\t\t\t\t\t\t\t\t\t\r\n\t\t\t\t\t\t\t\t \r\n\t\t\t\t\t\t\t\t<span class=\"ac_title_class\">\r\n\t\t\t\t\t\t\t\t\tECON\u00d3MICO - FINANCIERA\t\t\t\t\t\t\t\t<\/span>\r\n\t\t\t\t\t\t\t<\/a>\r\n\t\t\t\t\t\t  <\/h4>\r\n\t\t\t\t\t\t<\/div>\r\n\t\t\t\t\t\t<div id=\"ac_13_collapse4\" class=\"wpsm_panel-collapse collapse in\"  >\r\n\t\t\t\t\t\t  <div class=\"wpsm_panel-body\">\r\n\t\t\t\t\t\t\t<p>La entidad no est\u00e1 obligada a auditar sus cuestas ya que no cumple con los requisitos regulados en la Ley de Sociedades de Capital, en concreto en el art\u00edculo 257 del Real Decreto Legislativo 1\/2010 de 2 de julio.<\/p>\r\n\r\n- <a href=\"https:\/\/miramar.redatecresa.com\/wp-content\/uploads\/2022\/08\/CA-BS-PyG-Peregrin.pdf\" rel=\"noopener\" target=\"_blank\">Cuentas Anuales (PDF)<\/a>.<\/br>\r\n- <a href=\"https:\/\/miramar.redatecresa.com\/wp-content\/uploads\/2022\/08\/Memoria-Peregrin.pdf\" target=\"_blank\" rel=\"noopener\">Memoria (PDF)<\/a>.<\/br>\r\n- <a href=\"https:\/\/miramar.redatecresa.com\/wp-content\/uploads\/2022\/08\/ESCRITURA-CONSTITUCION-PEREGRIN-TRUJILLO_compressed.pdf\" rel=\"noopener\" target=\"_blank\">Participaciones (PDF)<\/a>.<\/br>\r\n\t\t\t\t\t\t  <\/div>\r\n\t\t\t\t\t\t<\/div>\r\n\t\t\t\t\t<\/div>\r\n\t\t\t\t\t<!-- Inner panel End -->\r\n\t\t\t\t\t\r\n\t\t\t\t\t\t\t\t\r\n\t\t\t\t\t<!-- Inner panel Start -->\r\n\t\t\t\t\t<div class=\"wpsm_panel wpsm_panel-default\">\r\n\t\t\t\t\t\t<div class=\"wpsm_panel-heading\" role=\"tab\" >\r\n\t\t\t\t\t\t  <h4 class=\"wpsm_panel-title\">\r\n\t\t\t\t\t\t\t<a  class=\"collapsed\"  data-toggle=\"collapse\" data-parent=\"#wpsm_accordion_13 \" href=\"javascript:void(0)\" data-target=\"#ac_13_collapse5\" onclick=\"do_resize()\">\r\n\t\t\t\t\t\t\t\t\t\t\t\t\t\t\t\t\t<span class=\"ac_open_cl_icon fa fa-minus\"><\/span>\r\n\t\t\t\t\t\t\t\t\t\r\n\t\t\t\t\t\t\t\t \r\n\t\t\t\t\t\t\t\t<span class=\"ac_title_class\">\r\n\t\t\t\t\t\t\t\t\tAYUDAS Y SUBVENCIONES\t\t\t\t\t\t\t\t<\/span>\r\n\t\t\t\t\t\t\t<\/a>\r\n\t\t\t\t\t\t  <\/h4>\r\n\t\t\t\t\t\t<\/div>\r\n\t\t\t\t\t\t<div id=\"ac_13_collapse5\" class=\"wpsm_panel-collapse collapse in\"  >\r\n\t\t\t\t\t\t  <div class=\"wpsm_panel-body\">\r\n\t\t\t\t\t\t\t<p class=\"mbr-fonts-style mbr-text panel-text display-4\">Relaci\u00f3n detallada de subvenciones recibidas por la entidad Peregrin Trujillo S.L.<\/p>\r\n\r\n- L\u00cdNEA 2 COVID DE AYUDAS DIRECTAS A PERSONAS AUT\u00d3NOMAS Y EMPRESAS PREVISTA EN EL T\u00cdTULO I DEL REAL DECRETO-LEY 5\/2021, DE 12 DE MARZO, FINANCIADAS POR EL GOBIERNO DE ESPA\u00d1A: <\/br>\r\n80.239,64\u20ac<\/br>\r\n- SUBVENCIONES DESTINADAS AL MANTENIMIENTO DE LA ACTIVIDAD DE PEQUE\u00d1AS Y MEDIANAS EMPRESAS Y PERSONAS TRABAJADORAS AUT\u00d3NOMAS CON ASALARIADOS L\u00cdNEA 2: SUBVENCIONES DESTINADAS AL MANTENIMIENTO DE LA ACTIVIDAD DE PEQUE\u00d1AS Y MEDIANAS EMPRESAS Y PERSONAS TRABAJADORAS AUT\u00d3NOMAS CON ASALARIADOS:<\/br> 25.000\u20ac<\/br>\t\t\t\t\t\t  <\/div>\r\n\t\t\t\t\t\t<\/div>\r\n\t\t\t\t\t<\/div>\r\n\t\t\t\t\t<!-- Inner panel End -->\r\n\t\t\t\t\t\r\n\t\t\t\t\t\t\t<\/div>\r\n\t\t\t\r\n<script type=\"text\/javascript\">\r\n\t\r\n\t\tfunction do_resize(){\r\n\r\n\t\t\tvar width=jQuery( '.wpsm_panel .wpsm_panel-body iframe' ).width();\r\n\t\t\tvar height=jQuery( '.wpsm_panel .wpsm_panel-body iframe' ).height();\r\n\r\n\t\t\tvar toggleSize = true;\r\n\t\t\tjQuery('iframe').animate({\r\n\t\t\t    width: toggleSize ? width : 640,\r\n\t\t\t    height: toggleSize ? height : 360\r\n\t\t\t  }, 250);\r\n\r\n\t\t\t  toggleSize = !toggleSize;\r\n\t\t}\r\n\t\t\r\n<\/script>\t\n","protected":false},"excerpt":{"rendered":"","protected":false},"author":1,"featured_media":0,"parent":0,"menu_order":0,"comment_status":"closed","ping_status":"closed","template":"","meta":{"footnotes":""},"class_list":["post-11","page","type-page","status-publish","hentry"],"_links":{"self":[{"href":"https:\/\/miramar.redatecresa.com\/index.php?rest_route=\/wp\/v2\/pages\/11","targetHints":{"allow":["GET"]}}],"collection":[{"href":"https:\/\/miramar.redatecresa.com\/index.php?rest_route=\/wp\/v2\/pages"}],"about":[{"href":"https:\/\/miramar.redatecresa.com\/index.php?rest_route=\/wp\/v2\/types\/page"}],"author":[{"embeddable":true,"href":"https:\/\/miramar.redatecresa.com\/index.php?rest_route=\/wp\/v2\/users\/1"}],"replies":[{"embeddable":true,"href":"https:\/\/miramar.redatecresa.com\/index.php?rest_route=%2Fwp%2Fv2%2Fcomments&post=11"}],"version-history":[{"count":2,"href":"https:\/\/miramar.redatecresa.com\/index.php?rest_route=\/wp\/v2\/pages\/11\/revisions"}],"predecessor-version":[{"id":16,"href":"https:\/\/miramar.redatecresa.com\/index.php?rest_route=\/wp\/v2\/pages\/11\/revisions\/16"}],"wp:attachment":[{"href":"https:\/\/miramar.redatecresa.com\/index.php?rest_route=%2Fwp%2Fv2%2Fmedia&parent=11"}],"curies":[{"name":"wp","href":"https:\/\/api.w.org\/{rel}","templated":true}]}}